 Let i(l) = -28*l - 28. Let c(v) = -2*h(v) + 3*i(v). What is c(-5)?
142
Let f(o) = o**2 - 5*o + 8. Let y(t) = -208*t + 104*t + 3*t**3 + 1 + 3*t**2 + 101*t. Let a be y(1). Determine f(a).
4
Let w = -642 + 382. Let a = w + 254. Let k(x) = -x**2 - 6*x + 5. Calculate k(a).
5
Let k = 23 - 27. Let y be -7*(-4)/(k - -8). Let b(l) = -8*l - 8. Let n(v) = -11*v - 10. Let z(g) = -7*b(g) + 5*n(g). Give z(y).
13
Let p(d) be the second derivative of d**7/840 + d**6/45 + d**5/20 - 5*d**4/24 + 21*d**3 + 3*d + 5. Let v(g) be the second derivative of p(g). What is v(-7)?
2
Let p(m) = -10*m**3 + 7*m**2 - m - 19. Let f(u) = -27*u**3 + 18*u**2 - u - 57. Let v(d) = 3*f(d) - 8*p(d). Give v(-4).
-7
Suppose q - 6 = -6. Let y(j) be the second derivative of 0 + 13*j + 1/6*j**3 + 7/2*j**2. What is y(q)?
7
Let s(r) = -47*r**2 - 4*r - 2. Let w(o) = 78*o**2 + 6*o + 3. Let t(c) = -5*s(c) - 3*w(c). Suppose 0 = -2*i - g - 8, g - 2 = -4. What is t(i)?
4
Let z(g) = -2*g - 35. Suppose 1261 - 973 = -36*a. Give z(a).
-19
Let h(i) = i**2 + 7*i + 10. Let k be h(-6). Suppose -k = -2*w, 0 = 4*b + 2*w + 3*w - 82. Let t(l) = 14 - 36 + b + 3*l. Determine t(5).
11
Let v(u) = 16*u + 8. Let w(i) = 51*i + 31. Let h(l) = -25*l - 15. Let n(f) = -13*h(f) - 6*w(f). Let a(d) = -5*n(d) + 6*v(d). Determine a(10).
13
Let u(k) = -14*k**3 + 2*k**2 + 2*k + 1. Let p(c) = -50*c + 1099. Let o be p(22). Give u(o).
15
Suppose -34*b + 112 = -6*b. Let q(v) = -v + 20. Give q(b).
16
Let b(k) = k**2 - 13*k + 85. Let q = 8864 + -8858. Calculate b(q).
43
Let t = 151 - 145. Let c(y) = 13*y**3 - 11*y**2 + 5*y + 9. Let o(z) = 11*z**3 - 10*z**2 + 5*z + 8. Let k(s) = t*o(s) - 5*c(s). Determine k(4).
7
Let c(d) = -d + 8. Suppose 3*h = z + 32, -32 = 3*z + 12*h - 13*h. Calculate c(z).
16
Let p = 230 - 228. Let u(y) = -92*y - 97*y - y**2 - p*y**2 + 192*y. Suppose 0 = -0*m - 2*m - 4*j + 22, -4*m = j - 16. What is u(m)?
-18
Suppose 180 = 9*j - 13*j + 3*s, 0 = 5*s + 40. Let g(k) = -8*k - 417. Determine g(j).
-9
Let c(x) = x**2 + 7*x - 5. Let b be 2/4*-1*(5 + -3). Let i(l) = 2. Let t(f) = b*c(f) - 2*i(f). What is t(-8)?
-7
Suppose -f = -3*p - 204, 5*f - 4*p = -42 + 1051. Suppose -3*m - f + 180 = 0. Let o(h) = h**3 + 6*h**2 - 5*h + 9. What is o(m)?
-5
Let g(i) = 6*i**2 - i. Let l be 349 + -2 + -6 + 3. Let k = l - 345. Determine g(k).
7
Let l(o) = o**3 + o**2 - 2. Let k be l(2). Suppose 4*r = 14*r + k. Let z(x) = -8*x**2 + 1. Determine z(r).
-7
Let o(h) be the first derivative of h**3/3 - 7*h**2/2 + 8*h + 14. Let d be o(6). Let x(a) = -6*a**d + 3 + a**3 + a**2 + 1 - 2*a - 5*a. Determine x(6).
-2
Let o(z) = -3*z - 2 - z**3 - 3*z**2 + 7*z + 6*z**2 + 2*z**3. Let m = -1388 - -1386. Determine o(m).
-6
Let b(q) = 9*q**2 - 17*q + 13. Let p(j) be the second derivative of -11*j**4/6 + 7*j**3 - 16*j**2 + 58*j + 2. Let o(a) = -12*b(a) - 5*p(a). Give o(4).
12
Let v = 474 + -299. Let d(q) = -174*q + 0 - 4 + 0 + v*q. Determine d(3).
-1
Let k(n) = -28*n - 76. Let i(l) = 62*l + 167. Let a(g) = -10*i(g) - 22*k(g). Suppose -2*c = -0 - 4. Suppose -6 = -0*x - c*x. Calculate a(x).
-10
Suppose -98*h + 45*h + 2*h - 153 = 0. Let t(r) = -5*r**2 - 7*r - 5. What is t(h)?
-29
Let j(g) = -8 - 14*g + 1 + 2*g**2 + 48 - 17 - g**2. Determine j(17).
75
Let b(h) be the third derivative of -5*h**4/24 + 23*h**3/6 + 448*h**2. What is b(5)?
-2
Suppose -222*z + 1365 = -117*z. Let n(y) = 3*y**2 - 35*y + 11. What is n(z)?
63
Let p(t) be the third derivative of 5*t**4/24 + t**3 - 167*t**2. Let l be 1/((-4)/64*4). Give p(l).
-14
Let v be (20/(-5))/((-2 - 1) + 1). Let y(q) = -q**3 + 0*q**2 + 0 - v + 4*q**2 + 2*q + 8. Give y(5).
-9
Let j(t) = -4*t**2 + 6*t - 2. Let c(u) = u**2 + 223*u + 2131. Let f be c(-10). Calculate j(f).
0
Let k(x) be the third derivative of -x**4/24 + 2*x**3/3 + 34*x**2. Let n = -119 + 114. Let i be (-41)/(-5) - ((-40)/n)/40. Give k(i).
-4
Suppose 0 = 27*w - 25*w - 12. Let d(m) = -w*m - 18*m**3 - 7*m**2 + 19*m**3 + 2 + 2*m**2. Give d(6).
2
Let t(c) = 2*c**3 + 2*c**2 - 11*c + 10. Let n(q) = -5*q**3 - 3*q**2 + 23*q - 21. Let j(h) = 3*n(h) + 7*t(h). Calculate j(2).
3
Let n = -45 + 38. Let w(p) = -640*p**3 + 8*p + 641*p**3 + 8*p**2 - 3 - 1. Calculate w(n).
-11
Let m = 761 - 759. Suppose 4*n = 2*l - 2, m*l + 1 = n + 6. Let v(a) = -5*a + 8. What is v(l)?
-7
Let a(v) be the third derivative of v**4/2 - 2*v**3/3 + 1079*v**2. Suppose -3*n - 6 = -0. Give a(n).
-28
Suppose -4*i + 9*i - 30 = 0. Suppose h + f = 471, 3*h + 4*f - 2*f = 1417. Let z(l) = -476*l + 3*l**2 + 3*l**2 - 8 + h*l - l**3. Determine z(i).
-14
Let k(q) be the second derivative of q**5/20 - 7*q**4/12 - q**3/6 + 3*q**2/2 + 2*q. Let n be -12 + 5 - ((-20)/(-4) + -19). Determine k(n).
-4
Let d(u) = -u**3 - 12*u**2 - 19*u + 5. Let g(v) = v**3 - 45*v**2 - 245*v + 15. Let t be g(-5). Give d(t).
-5
Let j(g) = -76*g + 1450. Let h be j(19). Let r(y) = -23*y + 131. Calculate r(h).
-7
Suppose -5*n = 38*m - 39*m + 23, 0 = 5*n - 4*m + 32. Let k(v) = v**2 + 5*v - 4. Calculate k(n).
-8
Let y(p) = p**3 - 6*p**2 + 2. Let m(k) = -2*k + 49. Let s be m(20). Let o = 3 + -3. Suppose 3*n - 9 - s = o. What is y(n)?
2
Let y(j) = -2*j + 128 + 102 - 207. Let c be y(11). Let p(d) = 0 + 0 - 6*d. Determine p(c).
-6
Let o(x) = 127 - 3*x - 400 - 3*x + 128 + 138 + x**2. Let d(y) = 5*y**3 + y. Let t be d(1). Determine o(t).
-7
Let h(b) = -766*b + 100*b**2 - b**3 - 34*b**2 + 59 + 792*b - 53*b**2. Give h(15).
-1
Let z(i) = -i**3 + 10*i**2 - 5*i - 39. Let u(j) = -4*j**3 - 12*j**2 + 9*j + 36. Let c be u(-3). Calculate z(c).
-3
Let d(p) = p**2 + 6*p - 6. Let f(k) = 4*k - 39. Let n be f(11). Let o be 3*n/15 - 8. Determine d(o).
1
Let d(s) = -2*s + 5. Let q = -8492 - -8520. Let h(i) = i + 8. Let m be h(-6). Suppose -m*k + 44 = q. Calculate d(k).
-11
Let i(q) = -11*q - 4. Let z be 0 + (11 + -3 - 6). Calculate i(z).
-26
Let d(o) = o**3 - 5*o**2 + 5*o - 4. Let z be ((-14)/(-3) - 1) + (-1860)/1116. Suppose 0 = -2*v + 10 - 4. Suppose v*c + 2 = -4*y + 5, z*y = -2*c. Give d(y).
-7
Let n(r) be the first derivative of -r**4/4 + 5*r**3/3 + r**2/2 - 5*r + 14719. Let z be (-11)/(-2) + 2/(-4). Calculate n(z).
0
Let b(z) = -z**2 - 10*z. Suppose 5*x + 746 = 4*r, -x + 5*r = 7*r + 152. Let i be x/60*(4 + 0). Give b(i).
0
Let w(d) be the first derivative of -d**7/840 + d**6/360 + d**5/120 + 7*d**4/24 - 47*d**3/3 - 140. Let a(m) be the third derivative of w(m). What is a(3)?
-8
Let i = 16362 + -16316. Let b(f) = f**2 - 44*f - 85. What is b(i)?
7
Let v(n) be the first derivative of 1/3*n**3 + 5*n**2 + 1 - 9*n. Let a = -6366 - -6356. Determine v(a).
-9
Let f(p) = p**2 - 27*p + 50. Let u(v) = 1346*v + 8100. Let r be u(-6). What is f(r)?
-22
Let f(s) be the third derivative of 0*s - 1/60*s**5 + 0 + 7*s**2 - 1/6*s**3 + 7/24*s**4. Calculate f(7).
-1
Let q(t) = 2*t + 10. Suppose 37 = -22*m + 301. Let o(f) = 42*f - 496. Let h be o(m). Determine q(h).
26
Let l(h) be the second derivative of 10*h**3/3 - 5*h**2 + 12*h + 144. Give l(-1).
-30
Let y(a) = 0*a - 5 + 2 + 5 - a. Let k(z) = z - 45 + 94 - 52. Let j(d) = -4*k(d) - 5*y(d). Give j(-2).
0
Let s(f) = 0*f + 8 - f + 22 + 4*f. Let u(k) = 21*k - 1332. Let o be u(63). Give s(o).
3
Let y = 4561 - 4561. Let j(l) be the third derivative of -2/3*l**3 - 1/12*l**4 + y + 22*l**2 + 0*l. What is j(-5)?
6
Let j(k) = -19*k - 12. Let x(w) = -23*w - 11. Let o(q) = -7*j(q) + 6*x(q). Determine o(-9).
63
Let n(a) = -a**3 - 9*a**2 - 2*a - 12. Let h be (-152 + -3)/((-48)/(-9) - 5). Let g = -474 - h. What is n(g)?
6
Let w(r) = 84*r + 212. Let o(h) = -118*h - 212. Let g(p) = -3*o(p) - 4*w(p). Calculate g(11).
-14
Let g(o) = -238*o - 17. Let r(f) = -198*f - 16. Let w(y) = 5*g(y) - 6*r(y). Calculate w(14).
-17
Let h(m) be the second derivative of -2*m**3/3 + 3*m**2 - 1469*m. Determine h(1).
2
Let b(o) = 4*o + 5. Let i = 747 + -747. Let k(d) = -89*d + 7. Let t be k(i). Calculate b(t).
33
Let c(j) = j + 1. Let p(v) = -2*v**2 - 7*v - 94. Let k(s) = 2*c(s) + p(s). Let m(f) be the first derivative of k(f). Give m(6).
-29
Suppose -73*c - 256 - 2692 + 320 = 0. Let h(j) = j**2 + 19*j - 616. Determine h(c).
-4
Let p(u) = 0*u**2 - 50*u**2 + 6 + 7*u**3 + 8*u**2 - 27*u**2 - 35*u - 5*u**3. Give p(35).
6
Let a(g) = 2*g**2 - 21*g + 51. Let m be (-930)/(-135) - (-6 - (-318)/54). Determine a(m).
2
Let h(z) be the second derivative of z**5/10 + z**4/6 + 3